y(p) = -384*p - 1541. What is y(-4)?
-5
Let t(y) = -449*y - 2576. Give t(-6).
118
Let l(u) = -u**3 + 72*u**2 - 1047*u + 358. Determine l(52).
-6
Let k(j) = j**3 - 2*j**2 - 6*j - 10. Calculate k(4).
-2
Let i(p) = -15522*p - 1. What is i(0)?
-1
Let d(a) = -23*a + 84. Determine d(4).
-8
Let c(a) = a**3 + 124*a**2 + 360*a - 358. What is c(-121)?
5
Let u(s) = s**2 + 351*s - 1771. Calculate u(5).
9
Let t(k) = -57*k + 1814. Calculate t(34).
-124
Let w(n) = -1867*n - 9332. Give w(-5).
3
Let u(j) = 5*j**2 - 101*j + 194. Determine u(18).
-4
Let p(d) = 7*d**2 - d - 49. Determine p(-5).
131
Let t(a) = -5*a + 162. What is t(10)?
112
Let q(y) = -39*y - 211. Calculate q(0).
-211
Let h(x) = -84*x**3 - x**2 + 6*x - 3. Determine h(2).
-667
Let n(m) = m**3 + 74*m**2 - 326*m + 5. Calculate n(4).
-51
Let j(q) = -q**3 + 27*q**2 - 86*q - 208. Give j(23).
-70
Let o(p) = p**3 + 49*p**2 + 74*p + 6203. What is o(-50)?
3
Let q(f) = -43*f**2 + 6409*f - 302. Give q(149).
-4
Let k(f) = f**3 + 22*f**2 - 127*f + 3. What is k(5)?
43
Let m(k) = -2*k**3 - 12*k**2 + 6. Give m(-6).
6
Let v(t) = -t**3 + 29*t**2 + 19*t + 57. Give v(30).
-273
Let z(i) = -2*i + 5. Determine z(-2).
9
Let i(j) = -j**3 - 10*j**2 - 20. What is i(-8)?
-148
Let f(y) = -2*y**2 - 167*y - 789. Give f(-5).
-4
Let a(i) = i**2 + 527*i + 3642. What is a(-7)?
2
Let a(t) = -t**2 - 79*t + 26. Determine a(0).
26
Let k(q) = -36*q + 181. Give k(12).
-251
Let a(p) = p**3 - 28*p**2 + 27*p - 13. Give a(27).
-13
Let g(n) = 14*n**3 + 8*n**2 + 10*n + 2. What is g(-1)?
-14
Let u(l) = 6*l + 214. Determine u(-36).
-2
Let p(g) = -g**2 - 455*g - 32845. What is p(-90)?
5
Let x(v) = -v**3 + 20*v**2 - 87*v + 5. Give x(14).
-37
Let o(q) = -q**2 - 23*q - 56. What is o(-8)?
64
Let t(g) = g**2 + 42*g + 428. Determine t(-25).
3
Let p(g) = -g**2 - 180*g - 1746. What is p(-10)?
-46
Let y(k) = 11*k**3 - 94*k**2 + 12*k + 276. What is y(8)?
-12
Let w(v) = v**3 - 16*v**2 + 60*v + 8. What is w(9)?
-19
Let z(l) = l**2 - l - 4429. Determine z(-66).
-7
Let c(t) = -31*t - 2907. Calculate c(-94).
7
Let t(c) = 2*c**3 + 10*c**2 + 48*c + 354. Give t(-6).
-6
Let i(l) = 2*l**2 - 603*l - 4313. Give i(-7).
6
Let f(z) = -434*z + 6943. Determine f(16).
-1
Let f(x) = -x**3 + 24*x**2 + 6*x - 139. Determine f(24).
5
Let b(i) = i**3 - 203*i**2 + 2642*i + 756. Calculate b(189).
0
Let o(h) = -h**2 - 88*h - 330. What is o(-4)?
6
Let o(s) = 91*s - 109. What is o(1)?
-18
Let g(o) = -o**3 - 67*o**2 - 128*o + 127. Calculate g(-65).
-3
Let q(h) = -h**3 - 14*h**2 - 22*h + 33. Determine q(-10).
-147
Let g(f) = 67*f + 7954. Calculate g(-118).
48
Let v(d) = 34*d + 107. Give v(-4).
-29
Let t(b) = -b**2 - 42*b + 194. What is t(-43)?
151
Let f(p) = -p**2 - 1046*p + 24575. Calculate f(23).
-12
Let b(l) = -13*l**2 + 117*l - 112. Determine b(8).
-8
Let l(x) = 3*x**2 - 156*x + 1647. What is l(37)?
-18
Let w(p) = 2*p**2 - 36*p + 52. Give w(16).
-12
Let m(n) = n**2 - 122*n + 2480. Calculate m(26).
-16
Let t(b) = -823*b - 7411. Give t(-9).
-4
Let g(q) = 7*q**2 + 123*q + 13. Determine g(-17).
-55
Let q(c) = -29*c - 177. What is q(-6)?
-3
Let m(t) = 1187*t + 11863. Determine m(-10).
-7
Let s(g) = 2*g**2 + 148*g - 37590. Calculate s(-179).
0
Let g(x) = x**3 + 27*x**2 + 160*x - 17. Calculate g(-8).
-81
Let g(m) = -31*m - 981. Determine g(-31).
-20
Let c(f) = f**3 - 2*f**2 - 7*f - 22. Determine c(4).
-18
Let d(j) = 29*j**3 - 295*j**2 + 26*j + 235. Give d(10).
-5
Let v(c) = -c**3 + 21*c**2 + 62*c - 132. Determine v(23).
236
Let m(q) = 304*q + 4851. What is m(-16)?
-13
Let k(n) = -48*n - 808. Give k(-17).
8
Let b(h) = -2*h**3 - 9*h**2 + 15*h - 15. Determine b(-6).
3
Let l(y) = y**2 - 168*y + 6691. Calculate l(104).
35
Let u(v) = 4*v**2 - 25*v + 47. Give u(4).
11
Let w(h) = 138*h - 19616. Calculate w(143).
118
Let b(j) = -15*j**2 - 242*j - 21. Determine b(-16).
11
Let z(j) = -2*j**2 + 5*j + 26. Give z(6).
-16
Let x(w) = 64*w**3 - 41*w**2 - 26*w + 25. Determine x(1).
22
Let u(r) = -41*r**3 - 2*r**2 - 5*r - 4. What is u(-1)?
40
Let t(a) = a**2 + 319*a + 9514. Determine t(-33).
76
Let h(a) = a**3 + 40*a**2 + 105*a - 102. Determine h(-37).
120
Let b(u) = -1009*u + 3012. Calculate b(3).
-15
Let v(i) = -3*i**3 + 32*i**2 - 9*i - 16. What is v(11)?
-236
Let w(r) = -r**2 + 458*r + 15677. Give w(-32).
-3
Let u(s) = -2*s**3 - 18*s**2 + 18*s - 24. What is u(-10)?
-4
Let g(m) = -m**3 + 20*m**2 + 5*m + 9. What is g(20)?
109
Let r(j) = -j - 125. Determine r(-120).
-5
Let g(s) = 3650*s - 18237. What is g(5)?
13
Let n(y) = 402*y + 1172. What is n(-5)?
-838
Let l(n) = 2*n**3 - 43*n**2 - 119*n - 18. What is l(24)?
6
Let n(p) = -2*p**3 + 93*p**2 - 49*p + 146. What is n(46)?
8
Let i(f) = -46*f - 3585. What is i(-79)?
49
Let f(g) = -g**3 + 30*g**2 - 216*g + 104. What is f(18)?
104
Let y(r) = 9*r**2 - 4*r. What is y(-2)?
44
Let m(i) = -49*i - 6366. What is m(-130)?
4
Let i(c) = -9*c**2 + 31*c + 311. Determine i(-5).
-69
Let z(t) = -89*t + 1706. Determine z(13).
549
Let s(x) = -x**2 - 10076*x + 110944. What is s(11)?
-13
Let d(t) = -2*t**3 + 13*t**2 + 16. Calculate d(6).
52
Let g(n) = n**3 + 64*n**2 - 142*n - 660. What is g(-66)?
0
Let v(l) = -52*l**2 - 3538*l - 137. Determine v(-68).
-1
Let i(q) = -2*q**2 - 324*q - 1820. What is i(-156)?
52
Let d(k) = 2*k**3 + 106*k**2 + 644*k - 14. Give d(-46).
-14
Let a(r) = 134*r - 18. Calculate a(-7).
-956
Let r(m) = -m**3 + 2*m**2 + 3*m + 107. What is r(0)?
107
Let m(o) = -o**3 + 10*o**2 + 26*o - 3. Calculate m(11).
162
Let c(r) = 25*r**2 + 1927*r + 187. Calculate c(-77).
33
Let w(g) = -174*g + 393. What is w(2)?
45
Let l(i) = 2*i**3 - 18*i**2 - 11*i + 10. Determine l(8).
-206
Let k(d) = -d**2 + 49*d + 277. Give k(-7).
-115
Let g(n) = 3436*n - 13747. Give g(4).
-3
Let y(v) = -33*v + 196. Give y(5).
31
Let w(c) = -c**2 + 279*c - 12321. Calculate w(55).
-1
Let b(s) = 16*s**2 + 1260*s - 315. What is b(-79)?
1
Let b(w) = -348*w + 337. Give b(1).
-11
Let a(u) = -u**2 - 334*u - 1697. Determine a(-5).
-52
Let f(m) = 28458*m + 28458. Calculate f(-1).
0
Let j(r) = -r**2 - 731*r - 2219. What is j(-3)?
-35
Let h(s) = 28*s + 1766. What is h(-63)?
2
Let x(i) = -23*i**3 + 5*i - 6. Calculate x(1).
-24
Let z(g) = 3*g**2 + 24*g + 29. Calculate z(-2).
-7
Let a(t) = t**2 + 3*t - 136. Give a(10).
-6
Let h(d) = -77*d + 73. What is h(3)?
-158
Let u(h) = -4*h - 44. What is u(-7)?
-16
Let o(i) = -i**2 - 56*i - 757. What is o(-26)?
23
Let y(j) = 62*j + 492. Determine y(-8).
-4
Let m(a) = -8*a**2 + 171*a - 30. Determine m(26).
-992
Let u(x) = x**3 + 2*x**2 - 19*x - 5. Determine u(-5).
15
Let u(x) = -33*x**2 - 434*x + 30. Calculate u(-13).
95
Let j(m) = -m**2 + 49*m - 274. Give j(7).
20
Let v(l) = -l**3 + 52*l**2 + 2*l - 291. Determine v(52).
-187
Let a(g) = 4*g**2 + 107*g - 30. Calculate a(-33).
795
Let n(b) = -23*b**2 + 42*b + 90. Calculate n(-2).
-86
Let u(q) = 16*q - 558. What is u(109)?
1186
Let z(s) = 105*s - 5673. Give z(54).
-3
Let r(l) = -35*l + 3180. Calculate r(91).
-5
Let r(a) = -a**3 + 5*a**2 - 13*a + 178. What is r(7)?
-11
Let j(u) = -u**3 - 6*u**2 + 57*u + 19. What is j(5)?
29
Let j(i) = i**2 - 4*i - 17. Determine j(7).
4
Let k(b) = 2*b**2 + 18*b + 69. What is k(-12)?
141
Let t(f) = 62*f + 621. Give t(-10).
1
Let s(g) = -265*g + 2112. What is s(8)?
-8
Let w(a) = 8*a**2 - 598*a - 3197. Determine w(-5).
-7
Let y(x) = 9463*x - 18921. Determine y(2).
5
Let m(q) = -815*q + 134. Calculate m(0).
134
Let v(i) = -i**3 - 36*i**2 + 72*i + 341. Calculate v(-38).
493
Let f(p) = 2*p**2 - 17*p - 1238. Determine f(-21).
1
Let y(q) = 34*q**3 + 2*q**2 + 3*q + 6. Give y(-2).
-264
Let r(l) = -l**3 - 7*l**2 - 5*l - 2. Give r(-3).
-23
Let r(o) = 3*o - 3. Calculate r(7).
18
Let t(l) = -10*l**2 + 21*l + 108. Determine t(-4).
-136
Let w(v) = v**3 + 60*v**2 - 57*v + 229. What is w(-61)?
-15
Let u(h) = -3*h**2 - h - 22. Determine u(9).
-274
Let c(a) = a**3 - 20*a**2 + 13*a - 444. Calculate c(21).
270
Let g(o) = -78*o + 701. What is g(9)?
-1
Let w(z) = 26*z**2 + 241*z + 43. Calculate w(-9).
-20
Let c(u) = -2*u**3 - u**2 - u + 6. Determine c(-3).
54
Let t(l) = 109*l - 509. Calculate t(5).
36
Let q(r) = -63*r - 1659. Calculate q(-26).
-21
Let b(i) = 259*i - 1306. Give b(5).
-11
Let r(a) = a**2 + 3*a - 1042. What is r(-35)?
78
Let y(q) = q**2 + 17*q + 75. Determine y(-7).
5
Let w(p) = 141*p + 9011. Give w(-64).
-1